ded by 157.
149
What is the remainder when 7255 is divided by 80?
55
What is the remainder when 108187 is divided by 43?
42
Calculate the remainder when 90172 is divided by 7.
5
Calculate the remainder when 25362 is divided by 15.
12
What is the remainder when 1486738 is divided by 2?
0
What is the remainder when 4062 is divided by 811?
7
Calculate the remainder when 4211 is divided by 235.
216
What is the remainder when 7114 is divided by 3540?
34
Calculate the remainder when 30969 is divided by 107.
46
What is the remainder when 27631 is divided by 5?
1
What is the remainder when 36358 is divided by 114?
106
Calculate the remainder when 8628 is divided by 10.
8
What is the remainder when 41357 is divided by 366?
365
What is the remainder when 6748 is divided by 564?
544
What is the remainder when 60295 is divided by 464?
439
What is the remainder when 18875 is divided by 132?
131
What is the remainder when 385794 is divided by 86?
84
What is the remainder when 38066 is divided by 1742?
1484
Calculate the remainder when 114922 is divided by 114915.
7
Calculate the remainder when 58218 is divided by 142.
140
What is the remainder when 1302 is divided by 446?
410
Calculate the remainder when 913586 is divided by 699.
692
Calculate the remainder when 106149 is divided by 101.
99
What is the remainder when 214117 is divided by 192?
37
What is the remainder when 15993 is divided by 1003?
948
Calculate the remainder when 215458 is divided by 162.
160
Calculate the remainder when 290074 is divided by 560.
554
Calculate the remainder when 922012 is divided by 849.
847
Calculate the remainder when 196159 is divided by 21.
19
Calculate the remainder when 32158 is divided by 30.
28
What is the remainder when 987 is divided by 85?
52
Calculate the remainder when 35418 is divided by 178.
174
What is the remainder when 2054 is divided by 8?
6
Calculate the remainder when 112120 is divided by 2038.
30
What is the remainder when 1092569 is divided by 158?
157
Calculate the remainder when 1583 is divided by 1499.
84
Calculate the remainder when 3536 is divided by 571.
110
Calculate the remainder when 123388 is divided by 103.
97
What is the remainder when 844376 is divided by 16?
8
Calculate the remainder when 12063 is divided by 5970.
123
What is the remainder when 51594 is divided by 200?
194
What is the remainder when 57819 is divided by 486?
471
Calculate the remainder when 10228 is divided by 10224.
4
What is the remainder when 1499 is divided by 287?
64
Calculate the remainder when 3111 is divided by 620.
11
What is the remainder when 2635 is divided by 56?
3
What is the remainder when 28514 is divided by 28511?
3
Calculate the remainder when 1269 is divided by 549.
171
Calculate the remainder when 778598 is divided by 229.
227
Calculate the remainder when 6721 is divided by 491.
338
What is the remainder when 8171 is divided by 2023?
79
What is the remainder when 2305 is divided by 721?
142
Calculate the remainder when 22299 is divided by 11145.
9
What is the remainder when 1066 is divided by 508?
50
What is the remainder when 1259 is divided by 562?
135
Calculate the remainder when 14168 is divided by 218.
216
Calculate the remainder when 97425 is divided by 19.
12
Calculate the remainder when 66208 is divided by 34.
10
Calculate the remainder when 23932 is divided by 32.
28
Calculate the remainder when 41190 is divided by 6864.
6
Calculate the remainder when 26498 is divided by 128.
2
What is the remainder when 17052 is divided by 8516?
20
Calculate the remainder when 78222 is divided by 26074.
0
What is the remainder when 140 is divided by 120?
20
What is the remainder when 613 is divided by 513?
100
What is the remainder when 9169 is divided by 228?
49
What is the remainder when 4059 is divided by 52?
3
Calculate the remainder when 42418 is divided by 505.
503
Calculate the remainder when 9130 is divided by 81.
58
What is the remainder when 2164 is divided by 348?
76
Calculate the remainder when 585 is divided by 290.
5
What is the remainder when 3481 is divided by 472?
177
Calculate the remainder when 2211 is divided by 172.
147
What is the remainder when 3664 is divided by 406?
10
Calculate the remainder when 1744 is divided by 839.
66
Calculate the remainder when 878 is divided by 462.
416
What is the remainder when 346700 is divided by 186?
182
Calculate the remainder when 7119 is divided by 3528.
63
Calculate the remainder when 8686 is divided by 47.
38
What is the remainder when 28711 is divided by 773?
110
What is the remainder when 45232 is divided by 126?
124
Calculate the remainder when 3739 is divided by 177.
22
What is the remainder when 377 is divided by 82?
49
Calculate the remainder when 89796 is divided by 143.
135
Calculate the remainder when 2558 is divided by 134.
12
Calculate the remainder when 2841 is divided by 2657.
184
Calculate the remainder when 9176 is divided by 262.
6
Calculate the remainder when 19995 is divided by 1.
0
What is the remainder when 14013 is divided by 6988?
37
Calculate the remainder when 17927 is divided by 79.
73
What is the remainder when 2172 is divided by 1042?
88
What is the remainder when 387936 is divided by 295?
11
Calculate the remainder when 15403 is divided by 1925.
3
Calculate the remainder when 124900 is divided by 31221.
16
Calculate the remainder when 5520 is divided by 1102.
10
Calculate the remainder when 2088 is divided by 359.
293
Calculate the remainder when 834 is divided by 215.
189
What is the remainder when 96372 is divided by 98?
38
Calculate the remainder when 9477 is divided by 525.
27
What is the remainder when 3325 is divided by 1095?
40
What is the remainder when 35445 is divided by 3220?
25
Calculate the remainder when 1138538 is divided by 29.
27
What is the remainder when 871 is divided by 320?
231
Calculate the remainder when 11724 is divided by 437.
362
What is the remainder when 116629 is divided by 1023?
7
Calculate the remainder when 11923 is divided by 28.
23
Calculate the remainder when 142927 is divided by 130.
57
Calculate the remainder when 30246 is divided by 2016.
6
Calculate the remainder when 1229 is divided by 123.
122
Calculate the remainder when 64721 is divided by 12943.
6
Calculate the remainder when 17653 is divided by 194.
193
What is the remainder when 445216 is divided by 334?
328
Calculate the remainder when 2365 is divided by 228.
85
Calculate the remainder when 34620 is divided by 78.
66
Calculate the remainder when 80881 is divided by 73.
70
What is the remainder when 3016 is divided by 7?
6
What is the remainder when 16668 is divided by 1040?
28
Calculate the remainder when 56296 is divided by 28142.
12
Calculate the remainder when 8059 is divided by 2008.
27
Calculate the remainder when 196840 is divided by 189.
91
What is the remainder when 1920 is divided by 349?
175
What is the remainder when 60663 is divided by 3369?
21
Calculate the remainder when 1513266 is divided by 11.
7
What is the remainder when 9605 is divided by 326?
151
Calculate the remainder when 10669 is divided by 1518.
43
Calculate the remainder when 266 is divided by 250.
16
Calculate the remainder when 203 is divided by 64.
11
What is the remainder when 2245 is divided by 537?
97
What is the remainder when 17315 is divided by 2884?
11
What is the remainder when 1168 is divided by 162?
34
Calculate the remainder when 7478 is divided by 24.
14
Calculate the remainder when 29965 is divided by 1757.
96
Calculate the remainder when 44064 is divided by 1262.
1156
Calculate the remainder when 164767 is divided by 11.
9
Calculate the remainder when 528118 is divided by 40.
38
What is the remainder when 23110 is divided by 12?
10
Calculate the remainder when 6704 is divided by 245.
89
Calculate the remainder when 4944 is divided by 65.
4
What is the remainder when 118043 is divided by 131?
12
What is the remainder when 13037 is divided by 6486?
65
What is the remainder when 6633 is divided by 6605?
28
What is the remainder when 149317 is divided by 10?
7
What is the remainder when 4434 is divided by 49?
24
What is the remainder when 39551 is divided by 309?
308
Calculate the remainder when 9990 is divided by 9977.
13
What is the remainder when 2508 is divided by 424?
388
What